{"id":395,"date":"2021-04-14T12:11:26","date_gmt":"2021-04-14T10:11:26","guid":{"rendered":"http:\/\/s804652872.mialojamiento.es\/wordpress\/projecte\/que-son-els-schwannomes-vestibulars\/"},"modified":"2021-06-04T18:17:49","modified_gmt":"2021-06-04T16:17:49","slug":"que-son-los-schwannomas-vestibulares","status":"publish","type":"projecte","link":"https:\/\/www.amicsdecanruti.org\/es\/projecte\/que-son-los-schwannomas-vestibulares\/","title":{"rendered":"\u00bfQu\u00e9 son los Schwannomas vestibulares?"},"content":{"rendered":"\n<p>En el grupo de investigaci\u00f3n (otorrinolaring\u00f3logos, investigadores expertos en el \u00e1rea del equilibrio y en el \u00e1rea del c\u00e1ncer hereditario) estamos trabajando en colaboraci\u00f3n con neur\u00f3logos y pat\u00f3logos para conseguir los siguientes objetivos:<\/p>\n\n\n\n<ol class=\"wp-block-list\"><li>Conocer m\u00e1s a fondo la biolog\u00eda de estos tumores mediante el uso de las tecnolog\u00edas moleculares m\u00e1s avanzadas y averiguar c\u00f3mo se originan y se comportan.<\/li><li>Conocer y describir el mecanismo por el cual el SV afecta el \u00f3rgano del equilibrio, trastorno que representa uno de los s\u00edntomas m\u00e1s invalidantes en estos pacientes.<\/li><li>Facilitar el uso de biomarcadores que mejoren el conocimiento del pron\u00f3stico y permitan personalizar el tratamiento de estos pacientes.<\/li><\/ol>\n\n\n\n<p>Con nuestra investigaci\u00f3n esperamos contribuir a una medicina m\u00e1s personalizada en la que el principal beneficio sea el de mejorar la calidad y la esperanza de vida de los pacientes con SV. La incorporaci\u00f3n de los hallazgos de laboratorio a la pr\u00e1ctica cl\u00ednica nos acerca a este objetivo.<\/p>\n","protected":false},"excerpt":{"rendered":"<p>En el grupo de investigaci\u00f3n (otorrinolaring\u00f3logos, investigadores expertos en el \u00e1rea del equilibrio y en el \u00e1rea del c\u00e1ncer hereditario) [&hellip;]<\/p>\n","protected":false},"featured_media":803,"template":"","categories":[],"research_area":[261],"research_group":[307],"subject":[274],"institution":[308,13],"class_list":["post-395","projecte","type-projecte","status-publish","has-post-thumbnail","hentry","research_area-neurociencias","research_group-patogenesis-caracterizacion-clinica-y-funcional-de-los-schwannomas-vestibulares","subject-enfermedades-minoritarias","institution-hugtip-es","institution-instituto-de-investigacion-germans-trias-i-pujol"],"acf":[],"_links":{"self":[{"href":"https:\/\/www.amicsdecanruti.org\/es\/wp-json\/wp\/v2\/projecte\/395","targetHints":{"allow":["GET"]}}],"collection":[{"href":"https:\/\/www.amicsdecanruti.org\/es\/wp-json\/wp\/v2\/projecte"}],"about":[{"href":"https:\/\/www.amicsdecanruti.org\/es\/wp-json\/wp\/v2\/types\/projecte"}],"wp:featuredmedia":[{"embeddable":true,"href":"https:\/\/www.amicsdecanruti.org\/es\/wp-json\/wp\/v2\/media\/803"}],"wp:attachment":[{"href":"https:\/\/www.amicsdecanruti.org\/es\/wp-json\/wp\/v2\/media?parent=395"}],"wp:term":[{"taxonomy":"category","embeddable":true,"href":"https:\/\/www.amicsdecanruti.org\/es\/wp-json\/wp\/v2\/categories?post=395"},{"taxonomy":"research_area","embeddable":true,"href":"https:\/\/www.amicsdecanruti.org\/es\/wp-json\/wp\/v2\/research_area?post=395"},{"taxonomy":"research_group","embeddable":true,"href":"https:\/\/www.amicsdecanruti.org\/es\/wp-json\/wp\/v2\/research_group?post=395"},{"taxonomy":"subject","embeddable":true,"href":"https:\/\/www.amicsdecanruti.org\/es\/wp-json\/wp\/v2\/subject?post=395"},{"taxonomy":"institution","embeddable":true,"href":"https:\/\/www.amicsdecanruti.org\/es\/wp-json\/wp\/v2\/institution?post=395"}],"curies":[{"name":"wp","href":"https:\/\/api.w.org\/{rel}","templated":true}]}}

¿Qué son los Schwannomas vestibulares?

<p>En el grupo de investigación (otorrinolaringólogos, investigadores expertos en el área del equilibrio y en el área del cáncer hereditario) estamos trabajando en colaboración con neurólogos y patólogos para conseguir los siguientes objetivos:</p>



<ol class="wp-block-list"><li>Conocer más a fondo la biología de estos tumores mediante el uso de las tecnologías moleculares más avanzadas y averiguar cómo se originan y se comportan.</li><li>Conocer y describir el mecanismo por el cual el SV afecta el órgano del equilibrio, trastorno que representa uno de los síntomas más invalidantes en estos pacientes.</li><li>Facilitar el uso de biomarcadores que mejoren el conocimiento del pronóstico y permitan personalizar el tratamiento de estos pacientes.</li></ol>



<p>Con nuestra investigación esperamos contribuir a una medicina más personalizada en la que el principal beneficio sea el de mejorar la calidad y la esperanza de vida de los pacientes con SV. La incorporación de los hallazgos de laboratorio a la práctica clínica nos acerca a este objetivo.</p>

<p>En el grupo de investigación (otorrinolaringólogos, investigadores expertos en el área del equilibrio y en el área del cáncer hereditario) [&hellip;]</p>
